 - 69. Let l(k) = 4*o(k) - 11*y(k). Determine l(5).
7
Let f(k) = -k**3 + 3*k**2 + 2*k - 4. Let v be (3*228/9 - 0) + -3. Let q = v + -70. Determine f(q).
2
Let q(p) be the third derivative of p**6/120 - 2*p**5/15 + p**4/24 + 2*p**3/3 + 291*p**2. What is q(8)?
12
Let u(y) = -y**3 - 5*y**2 + 5*y - 1. Suppose 0 = -p - 9*p - 130. Let w = p - 30. Let k = -49 - w. What is u(k)?
5
Let i(g) = 2*g + 31. Let s(c) = -2*c**2 + 91*c - 561. Let d be s(7). What is i(d)?
-13
Let j(k) = 5*k**2 + 31*k - 1. Suppose 0 = 10*r - 2*r + 48. What is j(r)?
-7
Let v(l) = -3*l**2 - 12*l - 3. Let q(f) = 17*f**2 + 61*f + 16. Let z be 1 + 28/(-8)*2/(-7). Let t(y) = z*q(y) + 11*v(y). What is t(10)?
-1
Let y(n) = -10*n - 147. Let a = 20582 + -20596. Give y(a).
-7
Let x be 54/7*(-14)/10*(-180)/(-72). Let o(v) = -3*v**2 - 82*v - 36. What is o(x)?
-9
Let f(z) = -132*z + 392*z - 103*z - 125*z + 2. Give f(-1).
-30
Let k(f) = 3*f + 1. Let i be 2/7 - (-6052)/623. Suppose t + 6 = -v + i, -2*t = -v + 7. Calculate k(v).
16
Let i(n) = n**3 + 13*n**2 - 13*n + 20. Let d be (-2 - -485)*(10 + -9). Let x = -497 + d. Calculate i(x).
6
Let m be (-3 + 4)/(((-12)/356)/(-3)). Let f(r) = -m*r**2 + 44*r**2 + 33*r**2 + 14*r + 17 - r**3. What is f(-13)?
4
Let m(q) = -q**2 + 74 - 29 + 12*q - 23 - 17. Determine m(4).
37
Let v = 318 - 318. Let u(r) = -48*r**2 + r**3 + 1 + 53*r**2 + 1 + v*r**3 - 2*r**3 - 4*r. What is u(2)?
6
Let o(p) = -7*p**3 + p**2 - p - 1. Suppose 2*m = 9 - 5. Suppose 5*q - 5 = -3*r, -3*r + 2*q - m = 2*r. Suppose r = 8*x + 8 - 0. Calculate o(x).
8
Let c(x) = 373*x - 5963. Let o be c(16). Let u(m) = -117*m + 590. What is u(o)?
5
Let j(g) = g**3 - 41*g**2 - 42*g + 3. Let w be j(42). Let n(m) be the first derivative of 0*m**2 + 7*m + 10 + 0*m**w + 1/4*m**4. Give n(0).
7
Suppose c = 4*h - 20, -3*h = -3*c - h - 20. Let z be 2/20*c*-5. Let o(x) = -4*x**3 + 3 - 3*x**z + 8*x**2 + 6*x + 5*x**3. What is o(-4)?
-5
Let k = 16 - 20. Let f(y) = 3*y - 76. Let g(t) = -2*t + 59. Let j(h) = 3*f(h) + 4*g(h). What is j(k)?
4
Let d(l) = -32*l + 364. Let j be (306/510)/((-4)/(-80)). Give d(j).
-20
Let b(n) be the third derivative of n**4/24 - 13*n**3/6 + 347*n**2. Let u be ((-15)/((-3)/1))/1. Let s(w) = w - 5. Let o be s(u). What is b(o)?
-13
Suppose 4*o - 2*r = 0, 17*o - 2*r = 19*o. Let p(n) = -4*n + 27. Let s(y) be the first derivative of -y**2/2 + 7*y + 2. Let c(i) = -2*p(i) + 9*s(i). Give c(o).
9
Let j be ((-784)/(-36))/(-14)*18. Let d(b) = -4*b - 100. What is d(j)?
12
Let s(m) = 717*m + 728*m + 33 + 3*m**2 - 1447*m + 18 - 2*m**2. Determine s(0).
51
Let z(o) = o**2 - 13. Let c(i) = 2*i**2 + 90*i + 586. Let w be c(-37). Give z(w).
23
Let x(t) = -t**3 + 5*t**2 + 2*t - 3. Let p(j) = -5*j**3 - 46*j**2 - 12*j - 23. Let y be p(-9). Give x(y).
21
Let u(h) = -6 + 30*h**2 + 165*h - 31*h**2 - 165*h. Give u(-3).
-15
Let d be 100/(-125) + 38/10. Let h(f) = -f - 17 + 6 + f**d + 14 + 3*f**2. Determine h(-3).
6
Let g(c) = 8 + 4 + 2 - 5 + c. What is g(0)?
9
Let u = -1322 - -1322. Let f(n) = 5*n - 18. Calculate f(u).
-18
Suppose -3 - 5 = -4*a. Suppose n = 3*u - 2, -5*u - 4*n - a + 28 = 0. Suppose 3*f + 18 = i, u*i = 6*f - f + 33. Let m(s) = -2*s + 11. Give m(i).
-7
Let d(v) = 3*v - 15. Let r be d(3). Let y be (-39)/(-15) + r/10. Let x(k) = -y*k - 47 + 103 - 50. Give x(7).
-8
Let r(m) be the second derivative of m**5/20 - 5*m**4/12 + 7*m**3/3 - 45*m**2/2 - 18*m + 21. Calculate r(4).
-5
Suppose 2 = 4*d - 3*v + 17, 3*v = -5*d + 15. Suppose d = -2*h + h - 5*j + 18, 0 = -4*h + 3*j - 20. Let g(i) = -21*i - 2. Give g(h).
40
Let y(t) be the first derivative of -4*t - 1/4*t**4 + 10/3*t**3 - 64 - 5*t**2. What is y(9)?
-13
Let y(v) = -29*v. Let l(w) = 378*w + 55. Let h(m) = l(m) + 13*y(m). Determine h(-46).
9
Let d(t) be the second derivative of -t**6/360 + 7*t**5/120 - t**4/3 + 7*t**3 + 24*t. Let k(m) be the second derivative of d(m). Give k(7).
-8
Let f(g) be the third derivative of -g**5/60 + g**4/3 - 2*g**3/3 + 38*g**2 + 2. Suppose 0 = -3*j + a + 25, 3*a + 2*a = -3*j + 1. Give f(j).
3
Let v(z) = -1 - 22*z**3 - 13*z**2 + 14*z**2 - 15*z**2 + 24*z + 13*z**3 + 10*z**3. What is v(12)?
-1
Let m(k) = 4227*k + 76 - k**2 - 4227*k. Determine m(0).
76
Let b(i) = -6*i - 37*i**2 - 27*i**2 - i**3 - 25*i**2 + 84*i**2 - 5. Suppose -3*u = 4*s + 37 + 7, 0 = -2*s - 4*u - 22. Let d = 7 + s. Determine b(d).
3
Suppose 16 = 2*c + 30, -2*c - 66 = -4*k. Let s(x) = x**2 - 9. Determine s(k).
160
Let j(q) = q**3 + 7*q**2 + 6*q + 1. Let f = -403 + 573. Let p = 164 - f. What is j(p)?
1
Let c(s) = -52*s**2 + 102*s**2 - 51*s**2 - 38*s + 59*s - 69. Determine c(17).
-1
Let d(p) = 5*p + 7 - 71 + 25 - 56 - 25. Give d(25).
5
Let o(j) = -19940 + 9982 - 7*j**2 + 9957 - j**3 + 28*j. Calculate o(-10).
19
Suppose 12*p + 0 - 204 = 0. Suppose 0 = -2*y - 121 - p. Let s = y + 70. Let i(k) = -8*k**3 - 2*k**2 + k. Determine i(s).
-9
Let t(c) = 69 - 41*c**2 - 15*c - 9*c**2 + 58*c**2 - 6*c**2 - c**2. What is t(13)?
43
Suppose -q = 2*z - 35, 0 = -8*z + 7*z. Let a(m) be the first derivative of q + m - 1/2*m**2. What is a(-1)?
2
Let s = -62 + 26. Let l = s - -39. Let d(b) be the first derivative of -b**3/3 + 2*b**2 - 4*b + 14. Give d(l).
-1
Let m(y) = -8*y + 14. Let p(c) = -c + 3*c - 5 + c. Let g(l) = 4*m(l) + 11*p(l). Suppose -234*j + 133 = -215*j. Give g(j).
8
Let v(t) = -3*t**3 - 17*t**2 + 18*t + 3. Let a(q) = 7*q**3 + 34*q**2 - 36*q - 5. Let z(w) = 2*a(w) + 5*v(w). Let m = 1175 - 1193. What is z(m)?
5
Let m(l) = -l**3 + 6*l**2 - 5*l - 7. Let w(y) = y + 9. Let o be w(-8). Let j be 2 + (-497)/28 - o/4. Let v(t) = -t - 11. Let f be v(j). Give m(f).
-7
Let x be (-2)/4*-18 + (-38 - -24 - -11). Let t(a) = a**3 - 6*a**2 - 6*a - 10. Give t(x).
-46
Let p be ((-182)/455 - (-2)/(-20))/(-1). Let k(c) be the first derivative of 2*c + 0*c**3 - 36 - 1/4*c**4 - p*c**2. Give k(2).
-8
Let t(f) = -f. Let i(z) = -z**2 - 5*z + 9. Let j(u) = i(u) - 6*t(u). Suppose 29 = 8*o - 3. Let c be j(o). Let n(h) = h**3 + 2*h**2 - 3*h - 1. Give n(c).
-1
Let p be -3 + 1 + -3 + -8 + 19. Let o(v) = -5*v**3 + 12*v**2 + 5*v + 13. Let f(r) = 11*r**3 - 25*r**2 - 11*r - 28. Let d(g) = p*f(g) + 13*o(g). Calculate d(-6).
7
Let r(d) = 5 + 0 + 7*d + 7*d + d**2 - 7*d. Let o(k) = 2*k + 18. Let m be o(-9). Suppose -20*a + 23*a + 18 = m. Give r(a).
-1
Let w(o) = -11*o**3 + 26*o**2 - 14*o + 11. Let p(l) = -9*l**3 + 23*l**2 - 14*l + 11. Let s(q) = 5*p(q) - 4*w(q). Give s(10).
-29
Let l(r) be the third derivative of -7*r**6/360 + r**5/120 + 49*r**4/24 + 50*r**2 - r. Let s(o) be the second derivative of l(o). Determine s(2).
-27
Let l(x) = -x**3 - x**2. Let a = -34 - -43. Suppose 0*o = -o - 2*y + a, 5*y = 20. Suppose -c + 2*c = -o. Calculate l(c).
0
Let z(h) be the first derivative of -h**2/2 - 14*h - 11. Let b = 50 - 50. Calculate z(b).
-14
Let b(g) = 2*g**3 - 35*g**2 + 44*g + 66. Let x be b(16). Let l(c) be the first derivative of 24 - 1/2*c**x + 5*c. Give l(0).
5
Let b = 62 + -52. Let p(h) = -1 - 7*h**2 - b*h**3 + 4*h + 3 - 8*h + 9*h**3. Give p(-5).
-28
Let d(z) = z**2 - 3*z + 10. Let w be 24 + -11 + 9 + -22. What is d(w)?
10
Let q be 4/(-18) - (-137)/9. Suppose 2*d + 1 = -c - 3, 0 = 5*d + q. Suppose 0*t = l - 2*t, 24 = c*l + 4*t. Let r(o) = -o + 8. Determine r(l).
2
Let x(s) be the first derivative of 18 + 2/3*s**3 + 4*s + 5*s**2. What is x(-4)?
-4
Let a be (128/(-160))/((-12)/60). Let c(i) = -i - 1. Let n(p) = 2*p**2 - 8*p - 6. Let y(s) = 4*c(s) - n(s). Give y(a).
-14
Let s(u) = 9*u**2 + u + 1. Let n(o) = o**3 + 30*o**2 + 28*o - 30. Let h = -110 - -81. Let z be n(h). Determine s(z).
9
Let v be (4 - (-4 - -6)) + 4. Let p(c) = -v - 3 + 112*c + c**2 - 107*c + 1. Calculate p(-7).
6
Let b(h) = -55*h - 26. Let x(l) = -128*l - 54. Let d(z) = 7*b(z) - 3*x(z). Give d(0).
-20
Let g(m) = -3*m**2 - 36*m + 4. Let d be g(-12). Suppose -h - 14*p = -10*p - d, 4*p = 0. Let q(y) = -y**2 + 5*y + 1. Determine q(h).
5
Let n(b) = 91*b + 23. Let u(o) = -61*o - 21. Let z(t) = 2*n(t) + 3*u(t). Give z(4).
-21
Let h(j) = j**3 + j + 1. Let a(x) = 5*x**3 + 6*x**2 + 6. Let w(u) = a(u) - 6*h(u). Suppose 2*z + 3*y + 1 + 3 = 0, 5*z - 5*y = 40. What is w(z)?
8
Let t(d) = -2*d**2 + 14*d + 2. Let n(g) = g**3 - 11*g**2 - 4*g + 51. Let u be n(11). Determine t(u).
2
Let c(f) = -19*f**2 + 43*f + 95. Let s(g) = 5*g**2 - 11*g - 24. Let i(r) = -6*c(r) - 23*s(r